{"id":397,"date":"2019-08-12T08:01:17","date_gmt":"2019-08-12T11:01:17","guid":{"rendered":"https:\/\/www.sindifer-rio.org.br\/sis\/?page_id=397"},"modified":"2019-08-12T08:01:57","modified_gmt":"2019-08-12T11:01:57","slug":"declaracao-nada-consta","status":"publish","type":"page","link":"https:\/\/www.sindifer-rio.org.br\/sis\/declaracao-nada-consta\/","title":{"rendered":"Declara\u00e7\u00e3o \u201cNada Consta\u201d"},"content":{"rendered":"\t\t<div data-elementor-type=\"wp-post\" data-elementor-id=\"397\" class=\"elementor elementor-397\">\n\t\t\t\t\t\t<section class=\"elementor-section elementor-top-section elementor-element elementor-element-6c26b5d elementor-section-boxed elementor-section-height-default elementor-section-height-default\" data-id=\"6c26b5d\" data-element_type=\"section\" data-e-type=\"section\">\n\t\t\t\t\t\t<div class=\"elementor-container elementor-column-gap-default\">\n\t\t\t\t\t<div class=\"aux-parallax-section elementor-column elementor-col-100 elementor-top-column elementor-element elementor-element-c17258e\" data-id=\"c17258e\" data-element_type=\"column\" data-e-type=\"column\">\n\t\t\t<div class=\"elementor-widget-wrap elementor-element-populated\">\n\t\t\t\t\t\t<div class=\"elementor-element elementor-element-1db117c aux-appear-watch-animation aux-fade-in-right elementor-widget elementor-widget-aux_modern_heading\" data-id=\"1db117c\" data-element_type=\"widget\" data-e-type=\"widget\" data-widget_type=\"aux_modern_heading.default\">\n\t\t\t\t<div class=\"elementor-widget-container\">\n\t\t\t\t\t<section class=\"aux-widget-modern-heading\">\n            <div class=\"aux-widget-inner\"><h2 class=\"aux-modern-heading-primary\">\u201cNada Consta\u201d<\/h2><div class=\"aux-modern-heading-divider\"><\/div><\/div>\n        <\/section>\t\t\t\t<\/div>\n\t\t\t\t<\/div>\n\t\t\t\t<section class=\"elementor-section elementor-inner-section elementor-element elementor-element-03e7f69 elementor-section-boxed elementor-section-height-default elementor-section-height-default\" data-id=\"03e7f69\" data-element_type=\"section\" data-e-type=\"section\">\n\t\t\t\t\t\t<div class=\"elementor-container elementor-column-gap-default\">\n\t\t\t\t\t<div class=\"aux-parallax-section elementor-column elementor-col-50 elementor-inner-column elementor-element elementor-element-4e174f0\" data-id=\"4e174f0\" data-element_type=\"column\" data-e-type=\"column\">\n\t\t\t<div class=\"elementor-widget-wrap elementor-element-populated\">\n\t\t\t\t\t\t<div class=\"elementor-element elementor-element-a8d0c08 aux-appear-watch-animation aux-fade-in elementor-widget elementor-widget-aux_modern_heading\" data-id=\"a8d0c08\" data-element_type=\"widget\" data-e-type=\"widget\" data-widget_type=\"aux_modern_heading.default\">\n\t\t\t\t<div class=\"elementor-widget-container\">\n\t\t\t\t\t<section class=\"aux-widget-modern-heading\">\n            <div class=\"aux-widget-inner\"><h2 class=\"aux-modern-heading-primary\"><\/h2><div class=\"aux-modern-heading-description\"><p>A Declara\u00e7\u00e3o testa o enquadramento sindical da empresa solicitante em relacao as contribui\u00e7\u00f5es devidas ao sindicato, que s\u00e3o, Contribui\u00e7\u00e3o Sindical Urbana, Contribui\u00e7\u00e3o Confederativa, Contribui\u00e7\u00e3o Assistencial e Contribui\u00e7\u00e3o Associativa (exlcusiva aos s\u00f3cios) <br \/><br \/><strong>Como solicitar?<\/strong><br \/>A declara\u00e7\u00e3o deve ser solicitada por carta da empresa representante, em papel timbrado, encaminhada ao Sindifer-Rio, com os seguintes dados:<br \/>-Raz\u00e3o social, Endere\u00e7o, munic\u00edpio, Estado, CEP, CNPJ, Inscri\u00e7\u00e3o Estadual ou Municipal. Dever\u00e1 ainda indicar um n\u00famero de fax, telefone para contato e email.<br \/><br \/><strong>Documenta\u00e7\u00e3o<\/strong><br \/>A solicita\u00e7\u00e3o da Declara\u00e7\u00e3o deve ser instru\u00edda com a seguinte documenta\u00e7\u00e3o:<br \/>- Declara\u00e7\u00e3o de Enquadramento como ME e ou EPP, emitida pela Junta Comercial (A Declara\u00e7\u00e3o de Enquadramento ser\u00e1 dispensada caso j\u00e1 constem nos documentos constitutivos do cliente o enquadramento como ME ou EPP.)<br \/>- Contrato social e cart\u00e3o do CNPJ.<br \/>Toda documenta\u00e7\u00e3o pode ser apresentada por c\u00f3pias.<br \/><br \/><strong>Entrega do atestado<\/strong><br \/>A Declara\u00e7\u00e3o \u00e9 entregue \u00e0 empresa solicitante no prazo m\u00e1ximo de 3 (tr\u00eas) dias \u00fateis, a contar da data de entrega da documenta\u00e7\u00e3o completa.<br \/>A entrega da declara\u00e7\u00e3o, \u00e9 feita em m\u00e3os, no Sindifer-Rio, das 9h \u00e0s 17h, de segunda a sexta, ou por , por e-mail, fax (que consta na carta).<br \/><br \/><strong>A emiss\u00e3o da Declara\u00e7\u00e3o \u00e9 condicionada ao integral cumprimento das condi\u00e7\u00f5es estabelecidas.<\/strong><br \/><br \/><\/p><table border=\"0\" cellspacing=\"2\" cellpadding=\"2\"><tbody><tr><td width=\"12\"><div align=\"center\"><span style=\"color: #cc0000\">\u25a0<\/span><\/div><\/td><td><strong>Maiores Informa\u00e7\u00f5es entre em contato com a Secretaria<\/strong><\/td><\/tr><\/tbody><\/table><\/div><\/div>\n        <\/section>\t\t\t\t<\/div>\n\t\t\t\t<\/div>\n\t\t\t\t\t<\/div>\n\t\t<\/div>\n\t\t\t\t<div class=\"aux-parallax-section elementor-column elementor-col-50 elementor-inner-column elementor-element elementor-element-783f0c0\" data-id=\"783f0c0\" data-element_type=\"column\" data-e-type=\"column\">\n\t\t\t<div class=\"elementor-widget-wrap\">\n\t\t\t\t\t\t\t<\/div>\n\t\t<\/div>\n\t\t\t\t\t<\/div>\n\t\t<\/section>\n\t\t\t\t\t<\/div>\n\t\t<\/div>\n\t\t\t\t\t<\/div>\n\t\t<\/section>\n\t\t\t\t<\/div>\n\t\t","protected":false},"excerpt":{"rendered":"<p>\u201cNada Consta\u201d A Declara\u00e7\u00e3o testa o enquadramento sindical da empresa solicitante em relacao as contribui\u00e7\u00f5es devidas ao sindicato, que s\u00e3o, Contribui\u00e7\u00e3o Sindical Urbana, Contribui\u00e7\u00e3o Confederativa, Contribui\u00e7\u00e3o Assistencial e Contribui\u00e7\u00e3o Associativa (exlcusiva aos s\u00f3cios) Como solicitar?A declara\u00e7\u00e3o deve ser solicitada por carta da empresa representante, em papel timbrado, encaminhada ao Sindifer-Rio, com os seguintes dados:-Raz\u00e3o social, [&hellip;]<\/p>\n","protected":false},"author":1,"featured_media":0,"parent":0,"menu_order":0,"comment_status":"closed","ping_status":"closed","template":"","meta":{"_joinchat":[],"footnotes":""},"class_list":["post-397","page","type-page","status-publish","hentry"],"yoast_head":"<!-- This site is optimized with the Yoast SEO plugin v27.2 - https:\/\/yoast.com\/product\/yoast-seo-wordpress\/ -->\n<title>Declara\u00e7\u00e3o \u201cNada Consta\u201d - Sindifer-Rio<\/title>\n<meta name=\"robots\" content=\"index, follow, max-snippet:-1, max-image-preview:large, max-video-preview:-1\" \/>\n<link rel=\"canonical\" href=\"https:\/\/www.sindifer-rio.org.br\/sis\/declaracao-nada-consta\/\" \/>\n<meta property=\"og:locale\" content=\"pt_BR\" \/>\n<meta property=\"og:type\" content=\"article\" \/>\n<meta property=\"og:title\" content=\"Declara\u00e7\u00e3o \u201cNada Consta\u201d - Sindifer-Rio\" \/>\n<meta property=\"og:description\" content=\"\u201cNada Consta\u201d A Declara\u00e7\u00e3o testa o enquadramento sindical da empresa solicitante em relacao as contribui\u00e7\u00f5es devidas ao sindicato, que s\u00e3o, Contribui\u00e7\u00e3o Sindical Urbana, Contribui\u00e7\u00e3o Confederativa, Contribui\u00e7\u00e3o Assistencial e Contribui\u00e7\u00e3o Associativa (exlcusiva aos s\u00f3cios) Como solicitar?A declara\u00e7\u00e3o deve ser solicitada por carta da empresa representante, em papel timbrado, encaminhada ao Sindifer-Rio, com os seguintes dados:-Raz\u00e3o social, [&hellip;]\" \/>\n<meta property=\"og:url\" content=\"https:\/\/www.sindifer-rio.org.br\/sis\/declaracao-nada-consta\/\" \/>\n<meta property=\"og:site_name\" content=\"Sindifer-Rio\" \/>\n<meta property=\"article:modified_time\" content=\"2019-08-12T11:01:57+00:00\" \/>\n<meta name=\"twitter:card\" content=\"summary_large_image\" \/>\n<meta name=\"twitter:label1\" content=\"Est. tempo de leitura\" \/>\n\t<meta name=\"twitter:data1\" content=\"1 minuto\" \/>\n<script type=\"application\/ld+json\" class=\"yoast-schema-graph\">{\"@context\":\"https:\/\/schema.org\",\"@graph\":[{\"@type\":\"WebPage\",\"@id\":\"https:\/\/www.sindifer-rio.org.br\/sis\/declaracao-nada-consta\/\",\"url\":\"https:\/\/www.sindifer-rio.org.br\/sis\/declaracao-nada-consta\/\",\"name\":\"Declara\u00e7\u00e3o \u201cNada Consta\u201d - Sindifer-Rio\",\"isPartOf\":{\"@id\":\"https:\/\/www.sindifer-rio.org.br\/sis\/#website\"},\"datePublished\":\"2019-08-12T11:01:17+00:00\",\"dateModified\":\"2019-08-12T11:01:57+00:00\",\"breadcrumb\":{\"@id\":\"https:\/\/www.sindifer-rio.org.br\/sis\/declaracao-nada-consta\/#breadcrumb\"},\"inLanguage\":\"pt-BR\",\"potentialAction\":[{\"@type\":\"ReadAction\",\"target\":[\"https:\/\/www.sindifer-rio.org.br\/sis\/declaracao-nada-consta\/\"]}]},{\"@type\":\"BreadcrumbList\",\"@id\":\"https:\/\/www.sindifer-rio.org.br\/sis\/declaracao-nada-consta\/#breadcrumb\",\"itemListElement\":[{\"@type\":\"ListItem\",\"position\":1,\"name\":\"Home\",\"item\":\"https:\/\/www.sindifer-rio.org.br\/sis\/\"},{\"@type\":\"ListItem\",\"position\":2,\"name\":\"Declara\u00e7\u00e3o \u201cNada Consta\u201d\"}]},{\"@type\":\"WebSite\",\"@id\":\"https:\/\/www.sindifer-rio.org.br\/sis\/#website\",\"url\":\"https:\/\/www.sindifer-rio.org.br\/sis\/\",\"name\":\"Sindifer-Rio\",\"description\":\"Sindicato do Com\u00e9rcio Varejista de Maquinismo, Ferragens, Tintas, Lou\u00e7as, Vidros e Materiais para Constru\u00e7\u00e3o a Varejo do Munic\u00edpio do Rio de Janeiro\",\"publisher\":{\"@id\":\"https:\/\/www.sindifer-rio.org.br\/sis\/#organization\"},\"potentialAction\":[{\"@type\":\"SearchAction\",\"target\":{\"@type\":\"EntryPoint\",\"urlTemplate\":\"https:\/\/www.sindifer-rio.org.br\/sis\/?s={search_term_string}\"},\"query-input\":{\"@type\":\"PropertyValueSpecification\",\"valueRequired\":true,\"valueName\":\"search_term_string\"}}],\"inLanguage\":\"pt-BR\"},{\"@type\":\"Organization\",\"@id\":\"https:\/\/www.sindifer-rio.org.br\/sis\/#organization\",\"name\":\"Sindifer-Rio\",\"url\":\"https:\/\/www.sindifer-rio.org.br\/sis\/\",\"logo\":{\"@type\":\"ImageObject\",\"inLanguage\":\"pt-BR\",\"@id\":\"https:\/\/www.sindifer-rio.org.br\/sis\/#\/schema\/logo\/image\/\",\"url\":\"https:\/\/www.sindifer-rio.org.br\/sis\/wp-content\/uploads\/2021\/12\/cropped-Logo-Sindifer-2013-curva-fecomercio_med.jpg\",\"contentUrl\":\"https:\/\/www.sindifer-rio.org.br\/sis\/wp-content\/uploads\/2021\/12\/cropped-Logo-Sindifer-2013-curva-fecomercio_med.jpg\",\"width\":193,\"height\":73,\"caption\":\"Sindifer-Rio\"},\"image\":{\"@id\":\"https:\/\/www.sindifer-rio.org.br\/sis\/#\/schema\/logo\/image\/\"},\"sameAs\":[\"https:\/\/www.instagram.com\/sindiferrio\",\"https:\/\/wa.me\/5521984838085\"]}]}<\/script>\n<!-- \/ Yoast SEO plugin. -->","yoast_head_json":{"title":"Declara\u00e7\u00e3o \u201cNada Consta\u201d - Sindifer-Rio","robots":{"index":"index","follow":"follow","max-snippet":"max-snippet:-1","max-image-preview":"max-image-preview:large","max-video-preview":"max-video-preview:-1"},"canonical":"https:\/\/www.sindifer-rio.org.br\/sis\/declaracao-nada-consta\/","og_locale":"pt_BR","og_type":"article","og_title":"Declara\u00e7\u00e3o \u201cNada Consta\u201d - Sindifer-Rio","og_description":"\u201cNada Consta\u201d A Declara\u00e7\u00e3o testa o enquadramento sindical da empresa solicitante em relacao as contribui\u00e7\u00f5es devidas ao sindicato, que s\u00e3o, Contribui\u00e7\u00e3o Sindical Urbana, Contribui\u00e7\u00e3o Confederativa, Contribui\u00e7\u00e3o Assistencial e Contribui\u00e7\u00e3o Associativa (exlcusiva aos s\u00f3cios) Como solicitar?A declara\u00e7\u00e3o deve ser solicitada por carta da empresa representante, em papel timbrado, encaminhada ao Sindifer-Rio, com os seguintes dados:-Raz\u00e3o social, [&hellip;]","og_url":"https:\/\/www.sindifer-rio.org.br\/sis\/declaracao-nada-consta\/","og_site_name":"Sindifer-Rio","article_modified_time":"2019-08-12T11:01:57+00:00","twitter_card":"summary_large_image","twitter_misc":{"Est. tempo de leitura":"1 minuto"},"schema":{"@context":"https:\/\/schema.org","@graph":[{"@type":"WebPage","@id":"https:\/\/www.sindifer-rio.org.br\/sis\/declaracao-nada-consta\/","url":"https:\/\/www.sindifer-rio.org.br\/sis\/declaracao-nada-consta\/","name":"Declara\u00e7\u00e3o \u201cNada Consta\u201d - Sindifer-Rio","isPartOf":{"@id":"https:\/\/www.sindifer-rio.org.br\/sis\/#website"},"datePublished":"2019-08-12T11:01:17+00:00","dateModified":"2019-08-12T11:01:57+00:00","breadcrumb":{"@id":"https:\/\/www.sindifer-rio.org.br\/sis\/declaracao-nada-consta\/#breadcrumb"},"inLanguage":"pt-BR","potentialAction":[{"@type":"ReadAction","target":["https:\/\/www.sindifer-rio.org.br\/sis\/declaracao-nada-consta\/"]}]},{"@type":"BreadcrumbList","@id":"https:\/\/www.sindifer-rio.org.br\/sis\/declaracao-nada-consta\/#breadcrumb","itemListElement":[{"@type":"ListItem","position":1,"name":"Home","item":"https:\/\/www.sindifer-rio.org.br\/sis\/"},{"@type":"ListItem","position":2,"name":"Declara\u00e7\u00e3o \u201cNada Consta\u201d"}]},{"@type":"WebSite","@id":"https:\/\/www.sindifer-rio.org.br\/sis\/#website","url":"https:\/\/www.sindifer-rio.org.br\/sis\/","name":"Sindifer-Rio","description":"Sindicato do Com\u00e9rcio Varejista de Maquinismo, Ferragens, Tintas, Lou\u00e7as, Vidros e Materiais para Constru\u00e7\u00e3o a Varejo do Munic\u00edpio do Rio de Janeiro","publisher":{"@id":"https:\/\/www.sindifer-rio.org.br\/sis\/#organization"},"potentialAction":[{"@type":"SearchAction","target":{"@type":"EntryPoint","urlTemplate":"https:\/\/www.sindifer-rio.org.br\/sis\/?s={search_term_string}"},"query-input":{"@type":"PropertyValueSpecification","valueRequired":true,"valueName":"search_term_string"}}],"inLanguage":"pt-BR"},{"@type":"Organization","@id":"https:\/\/www.sindifer-rio.org.br\/sis\/#organization","name":"Sindifer-Rio","url":"https:\/\/www.sindifer-rio.org.br\/sis\/","logo":{"@type":"ImageObject","inLanguage":"pt-BR","@id":"https:\/\/www.sindifer-rio.org.br\/sis\/#\/schema\/logo\/image\/","url":"https:\/\/www.sindifer-rio.org.br\/sis\/wp-content\/uploads\/2021\/12\/cropped-Logo-Sindifer-2013-curva-fecomercio_med.jpg","contentUrl":"https:\/\/www.sindifer-rio.org.br\/sis\/wp-content\/uploads\/2021\/12\/cropped-Logo-Sindifer-2013-curva-fecomercio_med.jpg","width":193,"height":73,"caption":"Sindifer-Rio"},"image":{"@id":"https:\/\/www.sindifer-rio.org.br\/sis\/#\/schema\/logo\/image\/"},"sameAs":["https:\/\/www.instagram.com\/sindiferrio","https:\/\/wa.me\/5521984838085"]}]}},"_links":{"self":[{"href":"https:\/\/www.sindifer-rio.org.br\/sis\/wp-json\/wp\/v2\/pages\/397","targetHints":{"allow":["GET"]}}],"collection":[{"href":"https:\/\/www.sindifer-rio.org.br\/sis\/wp-json\/wp\/v2\/pages"}],"about":[{"href":"https:\/\/www.sindifer-rio.org.br\/sis\/wp-json\/wp\/v2\/types\/page"}],"author":[{"embeddable":true,"href":"https:\/\/www.sindifer-rio.org.br\/sis\/wp-json\/wp\/v2\/users\/1"}],"replies":[{"embeddable":true,"href":"https:\/\/www.sindifer-rio.org.br\/sis\/wp-json\/wp\/v2\/comments?post=397"}],"version-history":[{"count":0,"href":"https:\/\/www.sindifer-rio.org.br\/sis\/wp-json\/wp\/v2\/pages\/397\/revisions"}],"wp:attachment":[{"href":"https:\/\/www.sindifer-rio.org.br\/sis\/wp-json\/wp\/v2\/media?parent=397"}],"curies":[{"name":"wp","href":"https:\/\/api.w.org\/{rel}","templated":true}]}}